{"id":62,"date":"2014-08-19T10:30:24","date_gmt":"2014-08-19T08:30:24","guid":{"rendered":"http:\/\/1526.csaladfakonyv.hu\/?page_id=62"},"modified":"2014-08-20T06:12:02","modified_gmt":"2014-08-20T04:12:02","slug":"tortenelmiregeny-irok-tarsasaga","status":"publish","type":"page","link":"https:\/\/1526.csaladfakonyv.hu\/?page_id=62","title":{"rendered":"T\u00f6rt\u00e9nelmireg\u00e9ny-\u00edr\u00f3k T\u00e1rsas\u00e1ga"},"content":{"rendered":"<p style=\"text-align: justify;\"><img class=\"spotlight\" style=\"width: 247px; height: 245px;\" src=\"https:\/\/fbcdn-sphotos-e-a.akamaihd.net\/hphotos-ak-ash3\/947341_321673371296202_1379642251_n.jpg\" alt=\"\" \/><\/p>\n<p style=\"text-align: justify;\">2013. december 14-\u00e9n a T\u00f6rt\u00e9nelmireg\u00e9ny-\u00edr\u00f3k T\u00e1rsas\u00e1ga (TRT) tagja lettem, k\u00f6sz\u00f6n\u00f6m a bizalmat.\u00a0 A TRT c\u00e9lja \u00e9s alapelvei:<\/p>\n<p style=\"text-align: justify;\"><span class=\"text_exposed_show\">&#8211; n\u00e9pszer\u0171s\u00edtse a t\u00f6rt\u00e9nelmi reg\u00e9ny m\u0171faj\u00e1t \u00e9s annak m\u0171vel\u0151it,<br \/>\n&#8211; egys\u00e9gbe t\u00f6m\u00f6r\u00edtse \u00e9s t\u00e1mogassa a m\u0171fajban tev\u00e9kenyked\u0151 \u00edr\u00f3kat,<br \/>\n&#8211; prom\u00f3ci\u00f3val, utaz\u00e1si, publik\u00e1l\u00e1si \u00e9s kutat\u00e1si t\u00e1mogat\u00e1ssal seg\u00edtse munk\u00e1jukat,<br \/>\n&#8211; k\u00e9pviselje \u00e9rdekeiket az irodalmi \u00e9leten bel\u00fcl, valamint egy\u00e9b ter\u00fcleteken.<\/span><\/p>\n<p style=\"text-align: justify;\">Az egyes\u00fclet semmif\u00e9le politikai, vall\u00e1si, ideol\u00f3giai vagy egy\u00e9b megk\u00fcl\u00f6nb\u00f6ztet\u00e9st nem t\u0171r meg, tev\u00e9kenys\u00e9ge kiz\u00e1r\u00f3lag kultur\u00e1lis, valamint szakmai \u00e9rdekk\u00e9pviseleti c\u00e9lokat szolg\u00e1l, nevezetesen a m\u0171faj tov\u00e1bbi n\u00e9pszer\u0171s\u00edt\u00e9s\u00e9t, valamint a magyar nyelven olvas\u00f3 k\u00f6z\u00f6ns\u00e9g t\u00f6rt\u00e9nelem-ismeret\u00e9nek gazdag\u00edt\u00e1s\u00e1t szolg\u00e1lja.<\/p>\n<p style=\"text-align: justify;\">TRT a facebookon:<\/p>\n<p style=\"text-align: justify;\"><a href=\"https:\/\/hu-hu.facebook.com\/pages\/T%C3%B6rt%C3%A9nelmireg%C3%A9ny-%C3%ADr%C3%B3k-T%C3%A1rsas%C3%A1ga\/321661287964077\">https:\/\/hu-hu.facebook.com\/pages\/T%C3%B6rt%C3%A9nelmireg%C3%A9ny-%C3%ADr%C3%B3k-T%C3%A1rsas%C3%A1ga\/321661287964077<\/a><\/p>\n<p style=\"text-align: justify;\">Besz\u00e9lget\u00e9s Benk\u0151 L\u00e1szl\u00f3val:<\/p>\n<p style=\"text-align: justify;\"><a href=\"http:\/\/www.youtube.com\/watch?v=7ACPoBMFj-U\">http:\/\/www.youtube.com\/watch?v=7ACPoBMFj-U<\/a><\/p>\n<p style=\"text-align: justify;\">Megalakul\u00e1s kor\u00e1bbi h\u00edre:<\/p>\n<p style=\"text-align: justify;\"><a href=\"http:\/\/prae.hu\/prae\/news.php?aid=19897\">http:\/\/prae.hu\/prae\/news.php?aid=19897<\/a><\/p>\n<p style=\"text-align: justify;\">Kedves Olvas\u00f3k, t\u00e1mogass\u00e1tok a TRT-t a c\u00e9ljainak megval\u00f3sul\u00e1s\u00e1ban!<\/p>\n","protected":false},"excerpt":{"rendered":"<p>2013. december 14-\u00e9n a T\u00f6rt\u00e9nelmireg\u00e9ny-\u00edr\u00f3k T\u00e1rsas\u00e1ga (TRT) tagja lettem, k\u00f6sz\u00f6n\u00f6m a bizalmat.\u00a0 A TRT c\u00e9lja \u00e9s alapelvei: &#8211; n\u00e9pszer\u0171s\u00edtse a t\u00f6rt\u00e9nelmi reg\u00e9ny m\u0171faj\u00e1t \u00e9s annak m\u0171vel\u0151it, &#8211; egys\u00e9gbe t\u00f6m\u00f6r\u00edtse \u00e9s t\u00e1mogassa a m\u0171fajban tev\u00e9kenyked\u0151 \u00edr\u00f3kat, &#8211; prom\u00f3ci\u00f3val, utaz\u00e1si, publik\u00e1l\u00e1si \u00e9s kutat\u00e1si t\u00e1mogat\u00e1ssal seg\u00edtse munk\u00e1jukat, &#8211; k\u00e9pviselje \u00e9rdekeiket az irodalmi \u00e9leten bel\u00fcl, valamint egy\u00e9b ter\u00fcleteken. Az &hellip; <a href=\"https:\/\/1526.csaladfakonyv.hu\/?page_id=62\" class=\"more-link\"><span class=\"screen-reader-text\">T\u00f6rt\u00e9nelmireg\u00e9ny-\u00edr\u00f3k T\u00e1rsas\u00e1ga<\/span> b\u0151vebben&#8230; <span class=\"meta-nav\">&rarr;<\/span><\/a><\/p>\n","protected":false},"author":1,"featured_media":0,"parent":2,"menu_order":3,"comment_status":"open","ping_status":"open","template":"","meta":[],"_links":{"self":[{"href":"https:\/\/1526.csaladfakonyv.hu\/index.php?rest_route=\/wp\/v2\/pages\/62"}],"collection":[{"href":"https:\/\/1526.csaladfakonyv.hu\/index.php?rest_route=\/wp\/v2\/pages"}],"about":[{"href":"https:\/\/1526.csaladfakonyv.hu\/index.php?rest_route=\/wp\/v2\/types\/page"}],"author":[{"embeddable":true,"href":"https:\/\/1526.csaladfakonyv.hu\/index.php?rest_route=\/wp\/v2\/users\/1"}],"replies":[{"embeddable":true,"href":"https:\/\/1526.csaladfakonyv.hu\/index.php?rest_route=%2Fwp%2Fv2%2Fcomments&post=62"}],"version-history":[{"count":3,"href":"https:\/\/1526.csaladfakonyv.hu\/index.php?rest_route=\/wp\/v2\/pages\/62\/revisions"}],"predecessor-version":[{"id":211,"href":"https:\/\/1526.csaladfakonyv.hu\/index.php?rest_route=\/wp\/v2\/pages\/62\/revisions\/211"}],"up":[{"embeddable":true,"href":"https:\/\/1526.csaladfakonyv.hu\/index.php?rest_route=\/wp\/v2\/pages\/2"}],"wp:attachment":[{"href":"https:\/\/1526.csaladfakonyv.hu\/index.php?rest_route=%2Fwp%2Fv2%2Fmedia&parent=62"}],"curies":[{"name":"wp","href":"https:\/\/api.w.org\/{rel}","templated":true}]}}

Történelmiregény-írók Társasága

<p style="text-align: justify;"><img class="spotlight" style="width: 247px; height: 245px;" src="https://fbcdn-sphotos-e-a.akamaihd.net/hphotos-ak-ash3/947341_321673371296202_1379642251_n.jpg" alt="" /></p>
<p style="text-align: justify;">2013. december 14-én a Történelmiregény-írók Társasága (TRT) tagja lettem, köszönöm a bizalmat.  A TRT célja és alapelvei:</p>
<p style="text-align: justify;"><span class="text_exposed_show">&#8211; népszerűsítse a történelmi regény műfaját és annak művelőit,<br />
&#8211; egységbe tömörítse és támogassa a műfajban tevékenykedő írókat,<br />
&#8211; promócióval, utazási, publikálási és kutatási támogatással segítse munkájukat,<br />
&#8211; képviselje érdekeiket az irodalmi életen belül, valamint egyéb területeken.</span></p>
<p style="text-align: justify;">Az egyesület semmiféle politikai, vallási, ideológiai vagy egyéb megkülönböztetést nem tűr meg, tevékenysége kizárólag kulturális, valamint szakmai érdekképviseleti célokat szolgál, nevezetesen a műfaj további népszerűsítését, valamint a magyar nyelven olvasó közönség történelem-ismeretének gazdagítását szolgálja.</p>
<p style="text-align: justify;">TRT a facebookon:</p>
<p style="text-align: justify;"><a href="https://hu-hu.facebook.com/pages/T%C3%B6rt%C3%A9nelmireg%C3%A9ny-%C3%ADr%C3%B3k-T%C3%A1rsas%C3%A1ga/321661287964077">https://hu-hu.facebook.com/pages/T%C3%B6rt%C3%A9nelmireg%C3%A9ny-%C3%ADr%C3%B3k-T%C3%A1rsas%C3%A1ga/321661287964077</a></p>
<p style="text-align: justify;">Beszélgetés Benkő Lászlóval:</p>
<p style="text-align: justify;"><a href="http://www.youtube.com/watch?v=7ACPoBMFj-U">http://www.youtube.com/watch?v=7ACPoBMFj-U</a></p>
<p style="text-align: justify;">Megalakulás korábbi híre:</p>
<p style="text-align: justify;"><a href="http://prae.hu/prae/news.php?aid=19897">http://prae.hu/prae/news.php?aid=19897</a></p>
<p style="text-align: justify;">Kedves Olvasók, támogassátok a TRT-t a céljainak megvalósulásában!</p>

<p>2013. december 14-én a Történelmiregény-írók Társasága (TRT) tagja lettem, köszönöm a bizalmat.  A TRT célja és alapelvei: &#8211; népszerűsítse a történelmi regény műfaját és annak művelőit, &#8211; egységbe tömörítse és támogassa a műfajban tevékenykedő írókat, &#8211; promócióval, utazási, publikálási és kutatási támogatással segítse munkájukat, &#8211; képviselje érdekeiket az irodalmi életen belül, valamint egyéb területeken. Az &hellip; <a href="https://1526.csaladfakonyv.hu/?page_id=62" class="more-link"><span class="screen-reader-text">Történelmiregény-írók Társasága</span> bővebben&#8230; <span class="meta-nav">&rarr;</span></a></p>
