{"id":299,"date":"2014-08-24T05:54:20","date_gmt":"2014-08-24T03:54:20","guid":{"rendered":"http:\/\/1526.csaladfakonyv.hu\/?page_id=299"},"modified":"2015-09-21T09:08:06","modified_gmt":"2015-09-21T07:08:06","slug":"terkepek","status":"publish","type":"page","link":"https:\/\/1526.csaladfakonyv.hu\/?page_id=299","title":{"rendered":"T\u00e9rk\u00e9pek"},"content":{"rendered":"<figure id=\"attachment_301\" aria-describedby=\"caption-attachment-301\" style=\"width: 300px\" class=\"wp-caption alignnone\"><a href=\"http:\/\/1526.csaladfakonyv.hu\/wp-content\/uploads\/2014\/08\/Terkep-1-1526-elott.jpg\"><img loading=\"lazy\" class=\"size-medium wp-image-301\" src=\"http:\/\/1526.csaladfakonyv.hu\/wp-content\/uploads\/2014\/08\/Terkep-1-1526-elott-300x210.jpg\" alt=\"Magyarorsz\u00e1g 1526 el\u0151tt\" width=\"300\" height=\"210\" srcset=\"https:\/\/1526.csaladfakonyv.hu\/wp-content\/uploads\/2014\/08\/Terkep-1-1526-elott-300x210.jpg 300w, https:\/\/1526.csaladfakonyv.hu\/wp-content\/uploads\/2014\/08\/Terkep-1-1526-elott-1024x717.jpg 1024w, https:\/\/1526.csaladfakonyv.hu\/wp-content\/uploads\/2014\/08\/Terkep-1-1526-elott.jpg 1258w\" sizes=\"(max-width: 300px) 100vw, 300px\" \/><\/a><figcaption id=\"caption-attachment-301\" class=\"wp-caption-text\">Magyarorsz\u00e1g, 1526 el\u0151tt<\/figcaption><\/figure>\n<figure id=\"attachment_302\" aria-describedby=\"caption-attachment-302\" style=\"width: 300px\" class=\"wp-caption alignnone\"><a href=\"http:\/\/1526.csaladfakonyv.hu\/wp-content\/uploads\/2014\/08\/Terkep-2-1526-utan.jpg\"><img loading=\"lazy\" class=\"size-medium wp-image-302\" src=\"http:\/\/1526.csaladfakonyv.hu\/wp-content\/uploads\/2014\/08\/Terkep-2-1526-utan-300x215.jpg\" alt=\"Magyarorsz\u00e1g, 1526 ut\u00e1n\" width=\"300\" height=\"215\" srcset=\"https:\/\/1526.csaladfakonyv.hu\/wp-content\/uploads\/2014\/08\/Terkep-2-1526-utan-300x215.jpg 300w, https:\/\/1526.csaladfakonyv.hu\/wp-content\/uploads\/2014\/08\/Terkep-2-1526-utan-1024x736.jpg 1024w, https:\/\/1526.csaladfakonyv.hu\/wp-content\/uploads\/2014\/08\/Terkep-2-1526-utan.jpg 1208w\" sizes=\"(max-width: 300px) 100vw, 300px\" \/><\/a><figcaption id=\"caption-attachment-302\" class=\"wp-caption-text\">Magyarorsz\u00e1g, 1526 ut\u00e1n<\/figcaption><\/figure>\n<figure id=\"attachment_303\" aria-describedby=\"caption-attachment-303\" style=\"width: 300px\" class=\"wp-caption alignnone\"><a href=\"http:\/\/1526.csaladfakonyv.hu\/wp-content\/uploads\/2014\/08\/Terkep-3-varmegyek.png\"><img loading=\"lazy\" class=\"size-medium wp-image-303\" src=\"http:\/\/1526.csaladfakonyv.hu\/wp-content\/uploads\/2014\/08\/Terkep-3-varmegyek-300x197.png\" alt=\"Magyarorsz\u00e1g v\u00e1rmegy\u00e9i \u00e1ttekint\u0151 t\u00e9rk\u00e9p (a v\u00e1rmegy\u00e9k neve, kiterjed\u00e9s id\u0151vel v\u00e1ltozott!)\" width=\"300\" height=\"197\" srcset=\"https:\/\/1526.csaladfakonyv.hu\/wp-content\/uploads\/2014\/08\/Terkep-3-varmegyek-300x197.png 300w, https:\/\/1526.csaladfakonyv.hu\/wp-content\/uploads\/2014\/08\/Terkep-3-varmegyek.png 779w\" sizes=\"(max-width: 300px) 100vw, 300px\" \/><\/a><figcaption id=\"caption-attachment-303\" class=\"wp-caption-text\">Magyarorsz\u00e1g v\u00e1rmegy\u00e9i \u00e1ttekint\u0151 t\u00e9rk\u00e9p (a v\u00e1rmegy\u00e9k neve, kiterjed\u00e9s id\u0151vel v\u00e1ltozott, ez egy t\u00e1j\u00e9koztat\u00f3 t\u00e9rk\u00e9p!)<\/figcaption><\/figure>\n<p>&nbsp;<\/p>\n","protected":false},"excerpt":{"rendered":"<p>&nbsp;<\/p>\n","protected":false},"author":1,"featured_media":0,"parent":24,"menu_order":5,"comment_status":"open","ping_status":"open","template":"","meta":[],"_links":{"self":[{"href":"https:\/\/1526.csaladfakonyv.hu\/index.php?rest_route=\/wp\/v2\/pages\/299"}],"collection":[{"href":"https:\/\/1526.csaladfakonyv.hu\/index.php?rest_route=\/wp\/v2\/pages"}],"about":[{"href":"https:\/\/1526.csaladfakonyv.hu\/index.php?rest_route=\/wp\/v2\/types\/page"}],"author":[{"embeddable":true,"href":"https:\/\/1526.csaladfakonyv.hu\/index.php?rest_route=\/wp\/v2\/users\/1"}],"replies":[{"embeddable":true,"href":"https:\/\/1526.csaladfakonyv.hu\/index.php?rest_route=%2Fwp%2Fv2%2Fcomments&post=299"}],"version-history":[{"count":4,"href":"https:\/\/1526.csaladfakonyv.hu\/index.php?rest_route=\/wp\/v2\/pages\/299\/revisions"}],"predecessor-version":[{"id":340,"href":"https:\/\/1526.csaladfakonyv.hu\/index.php?rest_route=\/wp\/v2\/pages\/299\/revisions\/340"}],"up":[{"embeddable":true,"href":"https:\/\/1526.csaladfakonyv.hu\/index.php?rest_route=\/wp\/v2\/pages\/24"}],"wp:attachment":[{"href":"https:\/\/1526.csaladfakonyv.hu\/index.php?rest_route=%2Fwp%2Fv2%2Fmedia&parent=299"}],"curies":[{"name":"wp","href":"https:\/\/api.w.org\/{rel}","templated":true}]}}