{"id":29,"date":"2014-08-19T10:16:53","date_gmt":"2014-08-19T08:16:53","guid":{"rendered":"http:\/\/1526.csaladfakonyv.hu\/?page_id=29"},"modified":"2014-08-19T18:01:38","modified_gmt":"2014-08-19T16:01:38","slug":"eloszo-a-konyvbol","status":"publish","type":"page","link":"https:\/\/1526.csaladfakonyv.hu\/?page_id=29","title":{"rendered":"Szerz\u0151i el\u0151sz\u00f3 a k\u00f6nyvb\u0151l"},"content":{"rendered":"<figure id=\"attachment_167\" aria-describedby=\"caption-attachment-167\" style=\"width: 300px\" class=\"wp-caption alignnone\"><a href=\"http:\/\/1526.csaladfakonyv.hu\/wp-content\/uploads\/2014\/08\/Mohacs-lazarus.jpg\"><img loading=\"lazy\" class=\"size-medium wp-image-167\" src=\"http:\/\/1526.csaladfakonyv.hu\/wp-content\/uploads\/2014\/08\/Mohacs-lazarus-300x232.jpg\" alt=\"Moh\u00e1csi csata a Lazarus-f\u00e9le t\u00e9rk\u00e9pen\" width=\"300\" height=\"232\" srcset=\"https:\/\/1526.csaladfakonyv.hu\/wp-content\/uploads\/2014\/08\/Mohacs-lazarus-300x232.jpg 300w, https:\/\/1526.csaladfakonyv.hu\/wp-content\/uploads\/2014\/08\/Mohacs-lazarus.jpg 478w\" sizes=\"(max-width: 300px) 100vw, 300px\" \/><\/a><figcaption id=\"caption-attachment-167\" class=\"wp-caption-text\">Moh\u00e1csi csata a Lazarus-f\u00e9le t\u00e9rk\u00e9pen<\/figcaption><\/figure>\n<p>(<a href=\"http:\/\/hu.wikipedia.org\/wiki\/Tabula_Hungariae\">http:\/\/hu.wikipedia.org\/wiki\/Tabula_Hungariae<\/a>)<\/p>\n<p>2013 tavasz\u00e1n a csal\u00e1dommal elment\u00fcnk S\u00e1torhelyre, vitt\u00fcnk magunkkal egy koszo-<br \/>\nr\u00fat, hogy ismert \u00e9s ismeretlen \u0151seink el\u0151tt csal\u00e1di koszor\u00faz\u00e1ssal tisztelegj\u00fcnk.<br \/>\nAmint bel\u00e9ptem a Moh\u00e1csi T\u00f6rt\u00e9nelmi Eml\u00e9khely kapuj\u00e1n, azonnal meg\u00e9reztem,<br \/>\nhogy valami megv\u00e1ltozott bennem, meg\u00e9rtettem, hogy a feladatom egy k\u00f6nyvben meg-<br \/>\neml\u00e9kezni a csat\u00e1r\u00f3l, a h\u0151s\u00f6kr\u0151l \u00e9s a m\u00e9ltatlanul elfelejtett \u0151seinkr\u0151l.<br \/>\nEml\u00e9kszem, milyen nagyszer\u0171 \u00e9rz\u00e9s volt meg\u00e9rteni a hely szimbolik\u00e1j\u00e1t is: a bej\u00e1-<br \/>\nrat kapu\u00edvei nem \u00e9rnek \u00f6ssze, ez a magyars\u00e1g megosztotts\u00e1g\u00e1t \u00e9s sz\u00e9th\u00faz\u00e1s\u00e1t jelzi. A<br \/>\nkaput, amelyen mindenk\u00e9pp be kell l\u00e9pni, ha az Eml\u00e9khelyre be k\u00edv\u00e1n jutni az ember,<br \/>\nhuszonnyolcezer csontelemb\u0151l \u00e9p\u00edtett\u00e9k fel, minden \u00e1ldozat ut\u00e1n egy-egy csont \u00e9p\u00fclt<br \/>\nbele a kapuba. Beljebb, a k\u0151r\u00f3zsa sz\u00f6k\u0151k\u00fat szimboliz\u00e1lja a moh\u00e1csi csata ut\u00e1n h\u00e1rom<br \/>\nr\u00e9szre szakadt Magyar Kir\u00e1lys\u00e1got. M\u00e9g beljebb rengeteg kopjafa veszi k\u00f6r\u00fcl a meg-<br \/>\ntal\u00e1l\u00e1suk ut\u00e1n visszaf\u00f6ldelt t\u00f6megs\u00edrokat, minden kopjafa \u00f6nmag\u00e1ban jelent\u00e9ssel b\u00edr,<br \/>\nteh\u00e1t nem v\u00e9letlen a nagys\u00e1ga, form\u00e1ja \u00e9s az sem, hogy hogyan \u00e1ll ki a f\u00f6ldb\u0151l. A<br \/>\ns\u00e9tautat k\u00f6r\u00f6kben alak\u00edtott\u00e1k ki, jelezve az akkori orsz\u00e1g rem\u00e9nytelen \u00e1llapot\u00e1t, s a<br \/>\nk\u00f6z\u00e9pt\u00e1jon elhelyezett h\u00e1rom kereszt pedig arra utal, hogy Moh\u00e1cs bizony a magyar-<br \/>\ns\u00e1g golgot\u00e1ja.<br \/>\nMiut\u00e1n v\u00e9gigj\u00e1rtam mindezt, megpihenhettem a fogad\u00f3\u00e9p\u00fcletben, amely a Szent<br \/>\nKorona form\u00e1j\u00e1t \u00f6lti mag\u00e1ra \u00e9s v\u00e9delmez\u0151n borul a l\u00e1togat\u00f3k f\u00f6l\u00e9. \u00c9lettel megtelve<br \/>\nt\u00e1voztam az Eml\u00e9khelyr\u0151l.<br \/>\nJ\u00f6tt a ny\u00e1r, augusztus v\u00e9g\u00e9n, a rekken\u0151 h\u0151s\u00e9gben k\u00f6nyvekkel k\u00f6rbeb\u00e1sty\u00e1zva \u00fcltem<br \/>\naz adatokkal teli k\u00e9zirat felett, \u00e9s hossz\u00fa percekre minden gondolatomat lek\u00f6t\u00f6tte az a<br \/>\nlev\u00e9l, amelyet a moh\u00e1csi t\u00e1borb\u00f3l \u00edrt II. Lajos kir\u00e1ly Batthy\u00e1ny b\u00e1nhoz, Erd\u0151dy Simon<br \/>\nz\u00e1gr\u00e1bi p\u00fcsp\u00f6kh\u00f6z \u00e9s Szlav\u00f3nia rendjeihez 1526. augusztus 25-\u00e9n.<\/p>\n<p><em>\u201eLajos Isten kegyelm\u00e9b\u0151l Magyarorsz\u00e1g \u00e9s Csehorsz\u00e1g kir\u00e1lya stb.<\/em><\/p>\n<p><em>F\u0151tisztelend\u0151, nagys\u00e1gos, jeles, \u0151szint\u00e9n kedvelt h\u00edveink! <\/em><br \/>\n<em> A mai napon m\u00e1r egy \u00edzben \u00edrtunk nektek \u00e9s egyik kamar\u00e1sunkat k\u00fcld\u00f6tt\u00fck hozz\u00e1tok <\/em><br \/>\n<em>azzal a k\u00e9r\u00e9ssel, hogy siessetek hozz\u00e1nk! <\/em><br \/>\n<em> Most \u00fajb\u00f3l int\u00fcnk \u00e9s parancsoljuk, hogy a legnagyobb sebess\u00e9ggel siessetek hozz\u00e1nk. <\/em><br \/>\n<em> Az ellens\u00e9g szem\u00fcnk l\u00e1tt\u00e1ra t\u00f6bb helyen l\u00e1ngba bor\u00edtja az orsz\u00e1got. <\/em><br \/>\n<em> Csak re\u00e1tok v\u00e1rakozunk, \u00e9s mihelyt meg\u00e9rkeztetek, Isten seg\u00edts\u00e9g\u00e9vel mindj\u00e1rt meg- <\/em><br \/>\n<em>\u00fctk\u00f6z\u00fcnk. <\/em><br \/>\n<em> Teh\u00e1t a leggyorsabban siessetek!<\/em><\/p>\n<p><em>Kelt moh\u00e1csi t\u00e1borunkban, szombaton, Szent Bertalan \u00fcnnepe ut\u00e1n, 1526-ban.<\/em><\/p>\n<p><em>Lajos kir\u00e1ly <\/em><br \/>\n<em>\u00a0\u00a0\u00a0\u00a0\u00a0\u00a0\u00a0\u00a0\u00a0\u00a0\u00a0\u00a0\u00a0\u00a0\u00a0\u00a0\u00a0\u00a0\u00a0\u00a0\u00a0\u00a0\u00a0\u00a0\u00a0\u00a0\u00a0\u00a0\u00a0\u00a0\u00a0\u00a0\u00a0\u00a0\u00a0\u00a0\u00a0\u00a0\u00a0 Sebesen, sebesen, sebesen. <\/em><br \/>\n<em> saj\u00e1t kez\u00e9vel.<\/em><\/p>\n<p><em>\u00dagy siessetek, hogy ha el\u0151bb nem lehet, <\/em><br \/>\n<em> holnap hajnalban itt legyetek!\u201d<\/em><\/p>\n<p>Hirtelen magam el\u0151tt l\u00e1ttam a h\u00fasz\u00e9ves kir\u00e1lyt a harcedzett katon\u00e1i k\u00f6z\u00f6tt, amint \u00e9ppen<br \/>\nfeler\u0151s\u00edtik r\u00e1 a p\u00e1nc\u00e9lzat\u00e1t. M\u00e9g a szem\u00e9t is l\u00e1ttam egy pillanatra, miel\u0151tt a sisakrost\u00e9ly<br \/>\nv\u00e9gleg lez\u00e1rult el\u0151tte, \u00e9s ut\u00e1na m\u00e1r csak ideges zih\u00e1l\u00e1sa hallatszott a rekken\u0151 h\u0151s\u00e9gben.<br \/>\nMiut\u00e1n egy h\u0171v\u00f6s szell\u0151 magamhoz t\u00e9r\u00edtett, meg\u00e9rtettem, hogy legt\u00f6bbet \u00fagy tehe-<br \/>\ntek, ha az akkori esem\u00e9nyek legfontosabb szerepl\u0151it emberi mivoltukban mutatom be.<br \/>\nEls\u0151sorban nem kir\u00e1lyok, f\u0151urak \u00e9s katon\u00e1k voltak \u0151k, hanem emberek, ugyanolyan<br \/>\n\u00e9rz\u00e9sekkel, mint mi magunk. Ezut\u00e1n mintha vezett\u00e9k volna a kezem, tudtam, hogy mit<br \/>\nkell \u00edrnom \u00e9s dolgozni kezdtem.<\/p>\n<p style=\"text-align: center;\">*<\/p>\n<p>Eltelt egy \u00e9v, \u00fajra itt a ny\u00e1r, a k\u00e9zirat elk\u00e9sz\u00fclt, teljes. Bennem b\u00e9kess\u00e9g van, mert<br \/>\na moh\u00e1csi csat\u00e1t \u00e9s annak k\u00f6vetkezm\u00e9nyeit meg\u00e9rtve meggy\u0151z\u0151d\u00e9semm\u00e9 v\u00e1lt, hogy<br \/>\na Jagell\u00f3 kir\u00e1lyok \u00e9s Szapolyai (I.) J\u00e1nos nem voltak tehetetlen b\u00e1bok, szerencs\u00e9tlen<br \/>\nf\u00e9ln\u00f3t\u00e1sok vagy tehets\u00e9gtelen emberek, akik helyett b\u00e1rki m\u00e1s jobban tehette volna a<br \/>\ndolg\u00e1t. M\u00e9lt\u00f3 ut\u00f3dai voltak a nagy el\u0151d\u00f6knek, akik tett\u00e9k, ami erej\u00fckb\u0151l futotta. Abban<br \/>\na helyzetben ennyi tellett t\u0151l\u00fck. A kutat\u00e1s sor\u00e1n a ma oly sokszor dics\u00e9rt \u00e9s el\u00e1tkozott<br \/>\nHabsburgok tetteit is meg\u00e9rtettem, elfogadtam. Az \u00e9remnek is k\u00e9t oldala van, tagadha-<br \/>\ntatlan, hogy (I.) Ferdin\u00e1nd \u00e9s ut\u00f3dai mindent megtettek a Magyar Kir\u00e1lys\u00e1g marad\u00e9k\u00e1-<br \/>\nnak meg\u0151rz\u00e9s\u00e9\u00e9rt, \u00e9s \u0151k is elmentek lehet\u0151s\u00e9geik hat\u00e1raihoz. Kezdetben nem gondol-<br \/>\ntam volna, de mire a k\u00e9zirat elk\u00e9sz\u00fclt, Szulejm\u00e1n szult\u00e1n rendk\u00edv\u00fcli emberi mivolt\u00e1t<br \/>\nis megnyugv\u00e1ssal vettem tudom\u00e1sul. Sz\u00e1momra bizonyos, hogy a t\u00f6r\u00f6k\u00f6k Hunyadija<br \/>\nk\u00fcl\u00f6n\u00f6sen vonz\u00f3dott ehhez a t\u00e1jhoz, \u00e9lete minden fontos esem\u00e9nye valamik\u00e9pp \u00f6ssze-<br \/>\nfon\u00f3dott a magyarokkal, eg\u00e9szen a s\u00edrig.<br \/>\nMinden \u00fagy t\u00f6rt\u00e9nt, ahogy t\u00f6rt\u00e9nhetett.<br \/>\nMoh\u00e1cs pedig m\u00e1r nem csup\u00e1n nemzeti temet\u0151 sz\u00e1momra, hanem nemzet\u00fcnk nagy-<br \/>\ns\u00e1g\u00e1nak, erej\u00e9nek \u00e9s rem\u00e9nyeinek jelk\u00e9pe.<\/p>\n<p>Budapest, 2014. j\u00fanius 9. (P\u00fcnk\u00f6sd h\u00e9tf\u0151)<\/p>\n","protected":false},"excerpt":{"rendered":"<p>(http:\/\/hu.wikipedia.org\/wiki\/Tabula_Hungariae) 2013 tavasz\u00e1n a csal\u00e1dommal elment\u00fcnk S\u00e1torhelyre, vitt\u00fcnk magunkkal egy koszo- r\u00fat, hogy ismert \u00e9s ismeretlen \u0151seink el\u0151tt csal\u00e1di koszor\u00faz\u00e1ssal tisztelegj\u00fcnk. Amint bel\u00e9ptem a Moh\u00e1csi T\u00f6rt\u00e9nelmi Eml\u00e9khely kapuj\u00e1n, azonnal meg\u00e9reztem, hogy valami megv\u00e1ltozott bennem, meg\u00e9rtettem, hogy a feladatom egy k\u00f6nyvben meg- eml\u00e9kezni a csat\u00e1r\u00f3l, a h\u0151s\u00f6kr\u0151l \u00e9s a m\u00e9ltatlanul elfelejtett \u0151seinkr\u0151l. Eml\u00e9kszem, milyen nagyszer\u0171 \u00e9rz\u00e9s &hellip; <a href=\"https:\/\/1526.csaladfakonyv.hu\/?page_id=29\" class=\"more-link\"><span class=\"screen-reader-text\">Szerz\u0151i el\u0151sz\u00f3 a k\u00f6nyvb\u0151l<\/span> b\u0151vebben&#8230; <span class=\"meta-nav\">&rarr;<\/span><\/a><\/p>\n","protected":false},"author":1,"featured_media":0,"parent":7,"menu_order":1,"comment_status":"open","ping_status":"open","template":"","meta":[],"_links":{"self":[{"href":"https:\/\/1526.csaladfakonyv.hu\/index.php?rest_route=\/wp\/v2\/pages\/29"}],"collection":[{"href":"https:\/\/1526.csaladfakonyv.hu\/index.php?rest_route=\/wp\/v2\/pages"}],"about":[{"href":"https:\/\/1526.csaladfakonyv.hu\/index.php?rest_route=\/wp\/v2\/types\/page"}],"author":[{"embeddable":true,"href":"https:\/\/1526.csaladfakonyv.hu\/index.php?rest_route=\/wp\/v2\/users\/1"}],"replies":[{"embeddable":true,"href":"https:\/\/1526.csaladfakonyv.hu\/index.php?rest_route=%2Fwp%2Fv2%2Fcomments&post=29"}],"version-history":[{"count":4,"href":"https:\/\/1526.csaladfakonyv.hu\/index.php?rest_route=\/wp\/v2\/pages\/29\/revisions"}],"predecessor-version":[{"id":168,"href":"https:\/\/1526.csaladfakonyv.hu\/index.php?rest_route=\/wp\/v2\/pages\/29\/revisions\/168"}],"up":[{"embeddable":true,"href":"https:\/\/1526.csaladfakonyv.hu\/index.php?rest_route=\/wp\/v2\/pages\/7"}],"wp:attachment":[{"href":"https:\/\/1526.csaladfakonyv.hu\/index.php?rest_route=%2Fwp%2Fv2%2Fmedia&parent=29"}],"curies":[{"name":"wp","href":"https:\/\/api.w.org\/{rel}","templated":true}]}}

Szerzői előszó a könyvből

<figure id="attachment_167" aria-describedby="caption-attachment-167" style="width: 300px" class="wp-caption alignnone"><a href="http://1526.csaladfakonyv.hu/wp-content/uploads/2014/08/Mohacs-lazarus.jpg"><img loading="lazy" class="size-medium wp-image-167" src="http://1526.csaladfakonyv.hu/wp-content/uploads/2014/08/Mohacs-lazarus-300x232.jpg" alt="Mohácsi csata a Lazarus-féle térképen" width="300" height="232" srcset="https://1526.csaladfakonyv.hu/wp-content/uploads/2014/08/Mohacs-lazarus-300x232.jpg 300w, https://1526.csaladfakonyv.hu/wp-content/uploads/2014/08/Mohacs-lazarus.jpg 478w" sizes="(max-width: 300px) 100vw, 300px" /></a><figcaption id="caption-attachment-167" class="wp-caption-text">Mohácsi csata a Lazarus-féle térképen</figcaption></figure>
<p>(<a href="http://hu.wikipedia.org/wiki/Tabula_Hungariae">http://hu.wikipedia.org/wiki/Tabula_Hungariae</a>)</p>
<p>2013 tavaszán a családommal elmentünk Sátorhelyre, vittünk magunkkal egy koszo-<br />
rút, hogy ismert és ismeretlen őseink előtt családi koszorúzással tisztelegjünk.<br />
Amint beléptem a Mohácsi Történelmi Emlékhely kapuján, azonnal megéreztem,<br />
hogy valami megváltozott bennem, megértettem, hogy a feladatom egy könyvben meg-<br />
emlékezni a csatáról, a hősökről és a méltatlanul elfelejtett őseinkről.<br />
Emlékszem, milyen nagyszerű érzés volt megérteni a hely szimbolikáját is: a bejá-<br />
rat kapuívei nem érnek össze, ez a magyarság megosztottságát és széthúzását jelzi. A<br />
kaput, amelyen mindenképp be kell lépni, ha az Emlékhelyre be kíván jutni az ember,<br />
huszonnyolcezer csontelemből építették fel, minden áldozat után egy-egy csont épült<br />
bele a kapuba. Beljebb, a kőrózsa szökőkút szimbolizálja a mohácsi csata után három<br />
részre szakadt Magyar Királyságot. Még beljebb rengeteg kopjafa veszi körül a meg-<br />
találásuk után visszaföldelt tömegsírokat, minden kopjafa önmagában jelentéssel bír,<br />
tehát nem véletlen a nagysága, formája és az sem, hogy hogyan áll ki a földből. A<br />
sétautat körökben alakították ki, jelezve az akkori ország reménytelen állapotát, s a<br />
középtájon elhelyezett három kereszt pedig arra utal, hogy Mohács bizony a magyar-<br />
ság golgotája.<br />
Miután végigjártam mindezt, megpihenhettem a fogadóépületben, amely a Szent<br />
Korona formáját ölti magára és védelmezőn borul a látogatók fölé. Élettel megtelve<br />
távoztam az Emlékhelyről.<br />
Jött a nyár, augusztus végén, a rekkenő hőségben könyvekkel körbebástyázva ültem<br />
az adatokkal teli kézirat felett, és hosszú percekre minden gondolatomat lekötötte az a<br />
levél, amelyet a mohácsi táborból írt II. Lajos király Batthyány bánhoz, Erdődy Simon<br />
zágrábi püspökhöz és Szlavónia rendjeihez 1526. augusztus 25-én.</p>
<p><em>„Lajos Isten kegyelméből Magyarország és Csehország királya stb.</em></p>
<p><em>Főtisztelendő, nagyságos, jeles, őszintén kedvelt híveink! </em><br />
<em> A mai napon már egy ízben írtunk nektek és egyik kamarásunkat küldöttük hozzátok </em><br />
<em>azzal a kéréssel, hogy siessetek hozzánk! </em><br />
<em> Most újból intünk és parancsoljuk, hogy a legnagyobb sebességgel siessetek hozzánk. </em><br />
<em> Az ellenség szemünk láttára több helyen lángba borítja az országot. </em><br />
<em> Csak reátok várakozunk, és mihelyt megérkeztetek, Isten segítségével mindjárt meg- </em><br />
<em>ütközünk. </em><br />
<em> Tehát a leggyorsabban siessetek!</em></p>
<p><em>Kelt mohácsi táborunkban, szombaton, Szent Bertalan ünnepe után, 1526-ban.</em></p>
<p><em>Lajos király </em><br />
<em>                                        Sebesen, sebesen, sebesen. </em><br />
<em> saját kezével.</em></p>
<p><em>Úgy siessetek, hogy ha előbb nem lehet, </em><br />
<em> holnap hajnalban itt legyetek!”</em></p>
<p>Hirtelen magam előtt láttam a húszéves királyt a harcedzett katonái között, amint éppen<br />
felerősítik rá a páncélzatát. Még a szemét is láttam egy pillanatra, mielőtt a sisakrostély<br />
végleg lezárult előtte, és utána már csak ideges zihálása hallatszott a rekkenő hőségben.<br />
Miután egy hűvös szellő magamhoz térített, megértettem, hogy legtöbbet úgy tehe-<br />
tek, ha az akkori események legfontosabb szereplőit emberi mivoltukban mutatom be.<br />
Elsősorban nem királyok, főurak és katonák voltak ők, hanem emberek, ugyanolyan<br />
érzésekkel, mint mi magunk. Ezután mintha vezették volna a kezem, tudtam, hogy mit<br />
kell írnom és dolgozni kezdtem.</p>
<p style="text-align: center;">*</p>
<p>Eltelt egy év, újra itt a nyár, a kézirat elkészült, teljes. Bennem békesség van, mert<br />
a mohácsi csatát és annak következményeit megértve meggyőződésemmé vált, hogy<br />
a Jagelló királyok és Szapolyai (I.) János nem voltak tehetetlen bábok, szerencsétlen<br />
félnótások vagy tehetségtelen emberek, akik helyett bárki más jobban tehette volna a<br />
dolgát. Méltó utódai voltak a nagy elődöknek, akik tették, ami erejükből futotta. Abban<br />
a helyzetben ennyi tellett tőlük. A kutatás során a ma oly sokszor dicsért és elátkozott<br />
Habsburgok tetteit is megértettem, elfogadtam. Az éremnek is két oldala van, tagadha-<br />
tatlan, hogy (I.) Ferdinánd és utódai mindent megtettek a Magyar Királyság maradéká-<br />
nak megőrzéséért, és ők is elmentek lehetőségeik határaihoz. Kezdetben nem gondol-<br />
tam volna, de mire a kézirat elkészült, Szulejmán szultán rendkívüli emberi mivoltát<br />
is megnyugvással vettem tudomásul. Számomra bizonyos, hogy a törökök Hunyadija<br />
különösen vonzódott ehhez a tájhoz, élete minden fontos eseménye valamiképp össze-<br />
fonódott a magyarokkal, egészen a sírig.<br />
Minden úgy történt, ahogy történhetett.<br />
Mohács pedig már nem csupán nemzeti temető számomra, hanem nemzetünk nagy-<br />
ságának, erejének és reményeinek jelképe.</p>
<p>Budapest, 2014. június 9. (Pünkösd hétfő)</p>

<p>(http://hu.wikipedia.org/wiki/Tabula_Hungariae) 2013 tavaszán a családommal elmentünk Sátorhelyre, vittünk magunkkal egy koszo- rút, hogy ismert és ismeretlen őseink előtt családi koszorúzással tisztelegjünk. Amint beléptem a Mohácsi Történelmi Emlékhely kapuján, azonnal megéreztem, hogy valami megváltozott bennem, megértettem, hogy a feladatom egy könyvben meg- emlékezni a csatáról, a hősökről és a méltatlanul elfelejtett őseinkről. Emlékszem, milyen nagyszerű érzés &hellip; <a href="https://1526.csaladfakonyv.hu/?page_id=29" class="more-link"><span class="screen-reader-text">Szerzői előszó a könyvből</span> bővebben&#8230; <span class="meta-nav">&rarr;</span></a></p>
