{"id":268,"date":"2014-08-21T14:28:07","date_gmt":"2014-08-21T12:28:07","guid":{"rendered":"http:\/\/1526.csaladfakonyv.hu\/?page_id=268"},"modified":"2014-08-21T15:51:33","modified_gmt":"2014-08-21T13:51:33","slug":"folyoiratok","status":"publish","type":"page","link":"https:\/\/1526.csaladfakonyv.hu\/?page_id=268","title":{"rendered":"Foly\u00f3iratok"},"content":{"rendered":"<p><a href=\"http:\/\/1526.csaladfakonyv.hu\/wp-content\/uploads\/2014\/08\/Ferdinand-bevonul.jpg\"><img loading=\"lazy\" class=\"alignnone size-full wp-image-286\" src=\"http:\/\/1526.csaladfakonyv.hu\/wp-content\/uploads\/2014\/08\/Ferdinand-bevonul.jpg\" alt=\"Ferdinand bevonul\" width=\"195\" height=\"259\" \/><\/a><\/p>\n<p>Rubicon<\/p>\n<p><a href=\"http:\/\/www.rubicon.hu\/magyar\/nyitolap\/\">http:\/\/www.rubicon.hu\/magyar\/nyitolap\/<\/a><\/p>\n<p>Hist\u00f3ria (rem\u00e9lem \u00fajra elindul a lap)<\/p>\n<p><a href=\"http:\/\/www.historia.hu\/\">http:\/\/www.historia.hu\/<\/a><\/p>\n<p>M\u00falt-kor<\/p>\n<p><a href=\"http:\/\/mult-kor.hu\/\">http:\/\/mult-kor.hu\/<\/a><\/p>\n<p>Aetas<\/p>\n<p><a href=\"http:\/\/epa.oszk.hu\/html\/vgi\/kardexlap.phtml?id=861\">http:\/\/epa.oszk.hu\/html\/vgi\/kardexlap.phtml?id=861<\/a><\/p>\n<p>Kli\u00f3<\/p>\n<p><a href=\"http:\/\/www.c3.hu\/~klio\/\">http:\/\/www.c3.hu\/~klio\/<\/a><\/p>\n<p>Sz\u00e9p Magyarorsz\u00e1g<\/p>\n<p><a href=\"http:\/\/www.szepmagyarorszag.hu\/magyar\/oldalak\/bekoszonto_utazasimagazin_belfolditurisztika\/\">http:\/\/www.szepmagyarorszag.hu\/magyar\/oldalak\/bekoszonto_utazasimagazin_belfolditurisztika\/<\/a><\/p>\n<p>L\u00e1tv\u00e1nyt\u00e9rk\u00e9pek<\/p>\n<p><a href=\"http:\/\/www.latvany-terkep.hu\/magyar\/oldalak\/hirek_cikkek\/\">http:\/\/www.latvany-terkep.hu\/magyar\/oldalak\/hirek_cikkek\/<\/a><\/p>\n<p>V\u00e1rak, kast\u00e9lyok, templomok (rem\u00e9lem \u00fajra elindul a lap)<\/p>\n<p><a href=\"http:\/\/www.varlap.hu\/\">http:\/\/www.varlap.hu\/<\/a><\/p>\n<p>Aj\u00e1nlom a Sz\u00e1zadok, a T\u00f6rt\u00e9nelmi Szemle, Lev\u00e9lt\u00e1ri K\u00f6zlem\u00e9nyek, Lev\u00e9lt\u00e1ri Szemle \u00e9s a Turul c\u00edm\u0171 foly\u00f3iratokat is, ezeknek azonban jelenleg nincsen felhaszn\u00e1lhat\u00f3 form\u00e1ban ingyenes el\u00e9rhet\u0151s\u00e9ge az interneten. A Nagy Magyarorsz\u00e1g c\u00edm\u0171 foly\u00f3irat kor\u00e1bbi sz\u00e1maib\u00f3l aj\u00e1nlom a k\u00f6vetkez\u0151ket:<\/p>\n<p>A fekete sereg (<a href=\"http:\/\/karpatiastudio.hu\/tortenelemi-magazinok\/nagy-magyarorszag\/a-fekete-sereg\/\">http:\/\/karpatiastudio.hu\/tortenelemi-magazinok\/nagy-magyarorszag\/a-fekete-sereg\/)<\/a><\/p>\n<p>Szulejm\u00e1n \u00e9s a magyarok (<a href=\"http:\/\/karpatiastudio.hu\/tortenelemi-magazinok\/nagy-magyarorszag\/szulejman-es-a-magyarok\/\">http:\/\/karpatiastudio.hu\/tortenelemi-magazinok\/nagy-magyarorszag\/szulejman-es-a-magyarok\/)<\/a><\/p>\n<p>Hunyadi J\u00e1nos (<a href=\"http:\/\/karpatiastudio.hu\/tortenelemi-magazinok\/nagy-magyarorszag\/hunyadi-janos\/\">http:\/\/karpatiastudio.hu\/tortenelemi-magazinok\/nagy-magyarorszag\/hunyadi-janos\/)<\/a><\/p>\n<p>&nbsp;<\/p>\n<p>&nbsp;<\/p>\n","protected":false},"excerpt":{"rendered":"<p>Rubicon http:\/\/www.rubicon.hu\/magyar\/nyitolap\/ Hist\u00f3ria (rem\u00e9lem \u00fajra elindul a lap) http:\/\/www.historia.hu\/ M\u00falt-kor http:\/\/mult-kor.hu\/ Aetas http:\/\/epa.oszk.hu\/html\/vgi\/kardexlap.phtml?id=861 Kli\u00f3 http:\/\/www.c3.hu\/~klio\/ Sz\u00e9p Magyarorsz\u00e1g http:\/\/www.szepmagyarorszag.hu\/magyar\/oldalak\/bekoszonto_utazasimagazin_belfolditurisztika\/ L\u00e1tv\u00e1nyt\u00e9rk\u00e9pek http:\/\/www.latvany-terkep.hu\/magyar\/oldalak\/hirek_cikkek\/ V\u00e1rak, kast\u00e9lyok, templomok (rem\u00e9lem \u00fajra elindul a lap) http:\/\/www.varlap.hu\/ Aj\u00e1nlom a Sz\u00e1zadok, a T\u00f6rt\u00e9nelmi Szemle, Lev\u00e9lt\u00e1ri K\u00f6zlem\u00e9nyek, Lev\u00e9lt\u00e1ri Szemle \u00e9s a Turul c\u00edm\u0171 foly\u00f3iratokat is, ezeknek azonban jelenleg nincsen felhaszn\u00e1lhat\u00f3 form\u00e1ban ingyenes el\u00e9rhet\u0151s\u00e9ge az interneten. &hellip; <a href=\"https:\/\/1526.csaladfakonyv.hu\/?page_id=268\" class=\"more-link\"><span class=\"screen-reader-text\">Foly\u00f3iratok<\/span> b\u0151vebben&#8230; <span class=\"meta-nav\">&rarr;<\/span><\/a><\/p>\n","protected":false},"author":1,"featured_media":0,"parent":24,"menu_order":4,"comment_status":"open","ping_status":"open","template":"","meta":[],"_links":{"self":[{"href":"https:\/\/1526.csaladfakonyv.hu\/index.php?rest_route=\/wp\/v2\/pages\/268"}],"collection":[{"href":"https:\/\/1526.csaladfakonyv.hu\/index.php?rest_route=\/wp\/v2\/pages"}],"about":[{"href":"https:\/\/1526.csaladfakonyv.hu\/index.php?rest_route=\/wp\/v2\/types\/page"}],"author":[{"embeddable":true,"href":"https:\/\/1526.csaladfakonyv.hu\/index.php?rest_route=\/wp\/v2\/users\/1"}],"replies":[{"embeddable":true,"href":"https:\/\/1526.csaladfakonyv.hu\/index.php?rest_route=%2Fwp%2Fv2%2Fcomments&post=268"}],"version-history":[{"count":4,"href":"https:\/\/1526.csaladfakonyv.hu\/index.php?rest_route=\/wp\/v2\/pages\/268\/revisions"}],"predecessor-version":[{"id":287,"href":"https:\/\/1526.csaladfakonyv.hu\/index.php?rest_route=\/wp\/v2\/pages\/268\/revisions\/287"}],"up":[{"embeddable":true,"href":"https:\/\/1526.csaladfakonyv.hu\/index.php?rest_route=\/wp\/v2\/pages\/24"}],"wp:attachment":[{"href":"https:\/\/1526.csaladfakonyv.hu\/index.php?rest_route=%2Fwp%2Fv2%2Fmedia&parent=268"}],"curies":[{"name":"wp","href":"https:\/\/api.w.org\/{rel}","templated":true}]}}