{"id":195,"date":"2014-08-20T05:45:38","date_gmt":"2014-08-20T03:45:38","guid":{"rendered":"http:\/\/1526.csaladfakonyv.hu\/?page_id=195"},"modified":"2014-08-20T05:45:38","modified_gmt":"2014-08-20T03:45:38","slug":"pekry-janos-egy-elet-ertelme-novella","status":"publish","type":"page","link":"https:\/\/1526.csaladfakonyv.hu\/?page_id=195","title":{"rendered":"Pekry J\u00e1nos -egy \u00e9let \u00e9rtelme- (novella)"},"content":{"rendered":"<p>2014. szeptember v\u00e9g\u00e9n j\u00f6n!<\/p>\n","protected":false},"excerpt":{"rendered":"<p>2014. szeptember v\u00e9g\u00e9n j\u00f6n!<\/p>\n","protected":false},"author":1,"featured_media":0,"parent":189,"menu_order":2,"comment_status":"open","ping_status":"open","template":"","meta":[],"_links":{"self":[{"href":"https:\/\/1526.csaladfakonyv.hu\/index.php?rest_route=\/wp\/v2\/pages\/195"}],"collection":[{"href":"https:\/\/1526.csaladfakonyv.hu\/index.php?rest_route=\/wp\/v2\/pages"}],"about":[{"href":"https:\/\/1526.csaladfakonyv.hu\/index.php?rest_route=\/wp\/v2\/types\/page"}],"author":[{"embeddable":true,"href":"https:\/\/1526.csaladfakonyv.hu\/index.php?rest_route=\/wp\/v2\/users\/1"}],"replies":[{"embeddable":true,"href":"https:\/\/1526.csaladfakonyv.hu\/index.php?rest_route=%2Fwp%2Fv2%2Fcomments&post=195"}],"version-history":[{"count":1,"href":"https:\/\/1526.csaladfakonyv.hu\/index.php?rest_route=\/wp\/v2\/pages\/195\/revisions"}],"predecessor-version":[{"id":196,"href":"https:\/\/1526.csaladfakonyv.hu\/index.php?rest_route=\/wp\/v2\/pages\/195\/revisions\/196"}],"up":[{"embeddable":true,"href":"https:\/\/1526.csaladfakonyv.hu\/index.php?rest_route=\/wp\/v2\/pages\/189"}],"wp:attachment":[{"href":"https:\/\/1526.csaladfakonyv.hu\/index.php?rest_route=%2Fwp%2Fv2%2Fmedia&parent=195"}],"curies":[{"name":"wp","href":"https:\/\/api.w.org\/{rel}","templated":true}]}}