{"id":109,"date":"2014-08-19T16:13:45","date_gmt":"2014-08-19T14:13:45","guid":{"rendered":"http:\/\/1526.csaladfakonyv.hu\/?page_id=109"},"modified":"2015-09-21T09:44:01","modified_gmt":"2015-09-21T07:44:01","slug":"ajanlott-honlapok","status":"publish","type":"page","link":"https:\/\/1526.csaladfakonyv.hu\/?page_id=109","title":{"rendered":"Honlapok"},"content":{"rendered":"<p><a href=\"http:\/\/1526.csaladfakonyv.hu\/wp-content\/uploads\/2014\/08\/Korona.jpg\"><img loading=\"lazy\" class=\"alignnone size-medium wp-image-213\" src=\"http:\/\/1526.csaladfakonyv.hu\/wp-content\/uploads\/2014\/08\/Korona-300x203.jpg\" alt=\"Korona\" width=\"300\" height=\"203\" srcset=\"https:\/\/1526.csaladfakonyv.hu\/wp-content\/uploads\/2014\/08\/Korona-300x203.jpg 300w, https:\/\/1526.csaladfakonyv.hu\/wp-content\/uploads\/2014\/08\/Korona-1024x696.jpg 1024w, https:\/\/1526.csaladfakonyv.hu\/wp-content\/uploads\/2014\/08\/Korona.jpg 1280w\" sizes=\"(max-width: 300px) 100vw, 300px\" \/><\/a><\/p>\n<p>Jagell\u00f3-korszakkal kapcsolatban (cikk)<\/p>\n<p><a href=\"http:\/\/arkadia.pte.hu\/tortenelem\/cikkek\/jagello_kor\">http:\/\/arkadia.pte.hu\/tortenelem\/cikkek\/jagello_kor<\/a><\/p>\n<p>Moh\u00e1csi csat\u00e1val kapcsolatban<\/p>\n<p><a href=\"http:\/\/mohacsi-csata.hu\/\">http:\/\/mohacsi-csata.hu\/<\/a><\/p>\n<p>Moh\u00e1csi csat\u00e1val kapcsolatban (cikk)<\/p>\n<p><a href=\"http:\/\/arkadia.pte.hu\/tortenelem\/cikkek\/mohacsi_vesz\">http:\/\/arkadia.pte.hu\/tortenelem\/cikkek\/mohacsi_vesz<\/a><\/p>\n<p>Lazarus-t\u00e9rk\u00e9p, 1528<\/p>\n<p><a href=\"http:\/\/hungary-maps.myhunet.com\/hu\/Terkep-Nezet\/Lazarus-Magyarorszag-Terkep-1528\/mop1528\/\">http:\/\/hungary-maps.myhunet.com\/hu\/Terkep-Nezet\/Lazarus-Magyarorszag-Terkep-1528\/mop1528\/<\/a><\/p>\n<p>Szapolyai J\u00e1nossal kapcsolatban<\/p>\n<p><a href=\"http:\/\/szapolyai.hupont.hu\/\">http:\/\/szapolyai.hupont.hu\/<\/a><\/p>\n<p>Budai v\u00e1rral kapcsolatban<\/p>\n<p><a href=\"http:\/\/budavar.btk.mta.hu\/hu\/\">http:\/\/budavar.btk.mta.hu\/hu\/<\/a><\/p>\n<p>V\u00e9gv\u00e1rakkal kapcsolatban (cikk)<\/p>\n<p><a href=\"http:\/\/arkadia.pte.hu\/tortenelem\/cikkek\/vegh_torok\">http:\/\/arkadia.pte.hu\/tortenelem\/cikkek\/vegh_torok<\/a><\/p>\n<p>T\u00f6r\u00f6k &#8211; oszm\u00e1n szem\u00e9lyekkel kapcsolatban<\/p>\n<p><a href=\"http:\/\/www.nanaivitezek.hu\/index.php?page=erdekessegek&amp;sub=ertelmezo_torok_szemelynevek\">http:\/\/www.nanaivitezek.hu\/index.php?page=erdekessegek&amp;sub=ertelmezo_torok_szemelynevek<\/a><\/p>\n<p>Magyar arisztokr\u00e1ci\u00e1val kapcsolatban<\/p>\n<p><a href=\"http:\/\/archivum.piar.hu\/arisztokrata\/11meltosagok.htm\">http:\/\/archivum.piar.hu\/arisztokrata\/11meltosagok.htm<\/a><\/p>\n<p>R\u00e9gi magyar k\u00f3dexekkel kapcsolatban<\/p>\n<p><a href=\"http:\/\/nyelvemlekek.oszk.hu\/tud\/regi_magyar_kodexek\">http:\/\/nyelvemlekek.oszk.hu\/tud\/regi_magyar_kodexek<\/a><\/p>\n<p>Egy t\u00f6r\u00f6k v\u00e9gv\u00e1r napjai, kisfilm<\/p>\n<p><a class=\"moz-txt-link-freetext\" href=\"https:\/\/www.youtube.com\/watch?v=vCduigIY2z0\">https:\/\/www.youtube.com\/watch?v=vCduigIY2z0<\/a><\/p>\n<p>P\u00e9cs a h\u00f3dolts\u00e1g kor\u00e1ban<\/p>\n<p><a class=\"moz-txt-link-freetext\" href=\"https:\/\/www.youtube.com\/watch?v=PHTjUnshF7k\">https:\/\/www.youtube.com\/watch?v=PHTjUnshF7k<\/a><\/p>\n<p>&nbsp;<\/p>\n","protected":false},"excerpt":{"rendered":"<p>Jagell\u00f3-korszakkal kapcsolatban (cikk) http:\/\/arkadia.pte.hu\/tortenelem\/cikkek\/jagello_kor Moh\u00e1csi csat\u00e1val kapcsolatban http:\/\/mohacsi-csata.hu\/ Moh\u00e1csi csat\u00e1val kapcsolatban (cikk) http:\/\/arkadia.pte.hu\/tortenelem\/cikkek\/mohacsi_vesz Lazarus-t\u00e9rk\u00e9p, 1528 http:\/\/hungary-maps.myhunet.com\/hu\/Terkep-Nezet\/Lazarus-Magyarorszag-Terkep-1528\/mop1528\/ Szapolyai J\u00e1nossal kapcsolatban http:\/\/szapolyai.hupont.hu\/ Budai v\u00e1rral kapcsolatban http:\/\/budavar.btk.mta.hu\/hu\/ V\u00e9gv\u00e1rakkal kapcsolatban (cikk) http:\/\/arkadia.pte.hu\/tortenelem\/cikkek\/vegh_torok T\u00f6r\u00f6k &#8211; oszm\u00e1n szem\u00e9lyekkel kapcsolatban http:\/\/www.nanaivitezek.hu\/index.php?page=erdekessegek&amp;sub=ertelmezo_torok_szemelynevek Magyar arisztokr\u00e1ci\u00e1val kapcsolatban http:\/\/archivum.piar.hu\/arisztokrata\/11meltosagok.htm R\u00e9gi magyar k\u00f3dexekkel kapcsolatban http:\/\/nyelvemlekek.oszk.hu\/tud\/regi_magyar_kodexek Egy t\u00f6r\u00f6k v\u00e9gv\u00e1r napjai, kisfilm https:\/\/www.youtube.com\/watch?v=vCduigIY2z0 P\u00e9cs a h\u00f3dolts\u00e1g kor\u00e1ban https:\/\/www.youtube.com\/watch?v=PHTjUnshF7k &nbsp;<\/p>\n","protected":false},"author":1,"featured_media":0,"parent":24,"menu_order":1,"comment_status":"open","ping_status":"open","template":"","meta":[],"_links":{"self":[{"href":"https:\/\/1526.csaladfakonyv.hu\/index.php?rest_route=\/wp\/v2\/pages\/109"}],"collection":[{"href":"https:\/\/1526.csaladfakonyv.hu\/index.php?rest_route=\/wp\/v2\/pages"}],"about":[{"href":"https:\/\/1526.csaladfakonyv.hu\/index.php?rest_route=\/wp\/v2\/types\/page"}],"author":[{"embeddable":true,"href":"https:\/\/1526.csaladfakonyv.hu\/index.php?rest_route=\/wp\/v2\/users\/1"}],"replies":[{"embeddable":true,"href":"https:\/\/1526.csaladfakonyv.hu\/index.php?rest_route=%2Fwp%2Fv2%2Fcomments&post=109"}],"version-history":[{"count":17,"href":"https:\/\/1526.csaladfakonyv.hu\/index.php?rest_route=\/wp\/v2\/pages\/109\/revisions"}],"predecessor-version":[{"id":294,"href":"https:\/\/1526.csaladfakonyv.hu\/index.php?rest_route=\/wp\/v2\/pages\/109\/revisions\/294"}],"up":[{"embeddable":true,"href":"https:\/\/1526.csaladfakonyv.hu\/index.php?rest_route=\/wp\/v2\/pages\/24"}],"wp:attachment":[{"href":"https:\/\/1526.csaladfakonyv.hu\/index.php?rest_route=%2Fwp%2Fv2%2Fmedia&parent=109"}],"curies":[{"name":"wp","href":"https:\/\/api.w.org\/{rel}","templated":true}]}}